22. What is the remainder when 40 is divided by o(-7)?
0
Let p(v) = -v**2 + 14*v - 31. Let r be p(11). Suppose -5*x - 73 = -r*t, 0*t + 3*x = 3*t - 96. Calculate the remainder when 289 is divided by t.
28
Let h = -3 - -34. Calculate the remainder when 6/(240/(-123) + 2) is divided by h.
30
Suppose -210 = -8*x - 6*x. Calculate the remainder when 418 is divided by x.
13
Suppose b - 4 = 0, -4*r + 7*r - 473 = -5*b. Calculate the remainder when r is divided by 3.
1
Let a = 285 + -245. What is the remainder when 237 is divided by a?
37
Let r(k) = -k**3 - 14*k - 11. Let v be r(-6). Suppose 3*y = -a + 65, 0 = 3*a + 2*y + 66 - v. What is the remainder when a is divided by 27?
23
Let b(m) = 7*m**2 + m + 2. Let f be b(2). Let j = -14 + f. Let y = 520 + -450. What is the remainder when y is divided by j?
16
Suppose q - 5*h - 3 + 21 = 0, -h = 3*q - 26. Suppose 0 = q*x - 9*x. Suppose x = -0*f + f - 8. What is the remainder when 38 is divided by f?
6
Let p(j) = 2*j + 13. Let r(z) = 5*z**2 - 5*z + 13. Calculate the remainder when r(4) is divided by p(12).
36
Let x(a) = -2*a**3 + 3*a**2 + 2*a + 3. Let s = 2824 - 2804. Calculate the remainder when x(-3) is divided by s.
18
Suppose a = -4*u - 3*a + 88, -3*a = -4*u + 53. Let l(o) = o**2 - 5*o - 3. Let q be l(6). Suppose -2*c + 15 = -q. What is the remainder when u is divided by c?
8
Suppose -3*j - 4*d = -429, 55 = 3*j + 3*d - 371. Let t be 91*(-3 - -2) + 1. Let a = t + j. Calculate the remainder when a is divided by 26.
23
Let z(p) = -p**3 + 11*p**2 + 9*p - 27. What is the remainder when z(11) is divided by 11?
6
Suppose 5*c = -14 - 1. Let v(q) = -q**2 - q - 2. Let z(j) = j**2 + j. Let f(w) = v(w) + 2*z(w). Calculate the remainder when 14 is divided by f(c).
2
Let f = -183 - -276. Let y(u) be the second derivative of -u**5/20 - u**3/3 + u. Calculate the remainder when f is divided by y(-2).
9
Calculate the remainder when 336 is divided by ((-52)/(-130))/(2/180).
12
Calculate the remainder when 510 is divided by 4*8/(-6)*24/(-2).
62
Let i(f) = f**3 - 11*f**2 - 10*f - 8. Let q be i(12). Suppose 2*k - q = k - 2*d, 0 = -4*d + 12. Calculate the remainder when 47 is divided by k.
7
Suppose -r = l - 39, -12 = -0*l + 4*l. Calculate the remainder when r is divided by (-3)/(-2)*(2860/15)/13.
20
Let x(b) = -b**3 - 37*b**2 - 72*b - 32. What is the remainder when x(-35) is divided by 10?
8
Suppose -3*z = -5*t - 144, -4*t - 98 = -z - z. Let l = z + -21. Calculate the remainder when 196 is divided by l.
20
Calculate the remainder when 151 is divided by (5/3)/((-360)/(-2592)).
7
Suppose 2*p - g = 138, -268 = -2*p - 2*p - 2*g. Suppose 11 + 19 = -3*m. What is the remainder when p is divided by ((-92)/m + 0)*(-90)/(-36)?
22
What is the remainder when 104 is divided by (-507)/(-15) - (1 + (-22)/10)?
34
Let m = 262 + -256. Suppose -13 = -4*c - 0*c + 3*j, -2*c + 2*j = -4. Suppose -3*o + 43 = 5*t - c, 4*o - 4*t = 56. What is the remainder when o is divided by m?
3
Calculate the remainder when 7 is divided by (-2)/(-8 - -6) - 0.
0
Let s(u) = 5*u - 20. What is the remainder when 268 is divided by s(6)?
8
Let x = 88 - 85. Calculate the remainder when 97 is divided by (400/(-12))/(-4)*x.
22
Suppose -3*t = -k + 1 - 15, -3*k = -3. Let j(h) = h**3 + 8*h**2 - 2*h + 6. What is the remainder when j(-8) is divided by t?
2
Let n(d) be the third derivative of 0 + 0*d + 2/15*d**5 + 5/6*d**3 + 12*d**2 + 1/120*d**6 + 5/24*d**4. Calculate the remainder when n(-5) is divided by 8.
7
Let b(d) = 8*d**2 + 1. Suppose 5*n - 7*n + 2 = 0. Calculate the remainder when 15 is divided by b(n).
6
Suppose -2*u = 2*i - 5*u - 15, 5*u + 25 = 0. Let w be i + 0 + -4 + 8. Suppose -5*q + 120 = b, 0 = 2*b - w*b. What is the remainder when 70 is divided by q?
22
Calculate the remainder when (-6)/14 + (-33780)/(-420) is divided by 29.
22
Suppose -5*r - 48 = -2*q, -q + r - 72 = -4*q. Suppose 2*y - 14 - q = 0. Let x = -166 + 237. Calculate the remainder when x is divided by y.
14
Let j be (3 - 2094)*(-20)/(-12). What is the remainder when (-1 - -3)/(-6) + j/(-51) is divided by 25?
18
Calculate the remainder when 40 + (-3)/2 + 27/(-54) is divided by 34.
4
Let p(d) = 5*d**2 + 3*d + 3. Calculate the remainder when p(3) is divided by 22.
13
Suppose -30*d = -34*d + 100. Suppose 0 = -2*q - 5*n + 9 + d, 0 = -3*q - n + 25. Calculate the remainder when 10 is divided by q.
3
Let h be 4/(-6) + 14730/(-18). Let m be (-1)/2 + h/(-6). Suppose 4*f - 92 = m. Calculate the remainder when f is divided by 15.
12
Let i = 1536 - 1512. What is the remainder when 228 is divided by i?
12
Suppose -131 - 127 = 3*s. Let k = 101 + s. What is the remainder when k is divided by 8?
7
Suppose s - h - 10 = 6, -5*h = -5. Calculate the remainder when 56 is divided by s.
5
Suppose i - 6*i - 10 = 0, -104 = -3*u + 4*i. Calculate the remainder when 190 is divided by u.
30
Suppose -6*l + 18 = -0. Let j(c) = c**2 + c + 3. Calculate the remainder when ((-68)/(-6))/(1/l) is divided by j(-3).
7
Suppose 2*a + 22 = 2*v - 4*v, 5*a + 40 = -2*v. Let l = -1 - a. Suppose -15 = -2*t - l. Calculate the remainder when t is divided by 3.
2
Calculate the remainder when (0 - -1)*(10 + -2) is divided by (-4)/(2/(-1) - (0 - 0)).
0
Let x(m) = -m**3 + 7*m**2 - 2*m + 3. Suppose 2*a - 38 = -2*a + 2*k, -3*a + 26 = -2*k. What is the remainder when x(5) is divided by a?
7
What is the remainder when (17/3 + -6)*(-121 + -2) is divided by 7?
6
Let z(b) be the first derivative of -b**3/3 - 7*b**2/2 + 6*b + 3. Let v be z(-8). Calculate the remainder when 69 is divided by (-57)/(-3) - (3 + v).
15
Suppose -6*w - 3 - 9 = 0. Calculate the remainder when 34 is divided by 19 - (-2 + 1 - w).
16
Suppose -9 = -3*h + 12. Suppose -h*g - 93 = -10*g. Calculate the remainder when 122 is divided by g.
29
Let v(h) = 18*h - 2. Let t be v(1). Let c = 85 - t. What is the remainder when c is divided by 14?
13
Suppose -10*c - 5*s + 27 = -6*c, -3*s = -3*c + 54. Suppose 12 = 3*y - 0*y. Calculate the remainder when c is divided by y.
1
Let m = -5 + 15. Suppose 4*y - 24 = -4*f, 3*y + 3*f - 24 = -y. What is the remainder when m is divided by y?
4
Suppose 8 = 5*r - 12. Suppose -5*g + 4*h = -70, -r*g - h + 67 = -2*h. Suppose 4*o - 99 - 37 = 0. What is the remainder when o is divided by g?
16
Suppose -i - 2*x = -15 - 15, 63 = 2*i + x. What is the remainder when i is divided by 4?
0
Suppose 3*v = v + 68. Suppose 0 = 5*x - 71 - v. Suppose -x - 79 = -2*f. Calculate the remainder when f is divided by 13.
11
Let s(g) = -36*g + 196. Calculate the remainder when s(3) is divided by (-8)/2*(-13)/4.
10
Let r = 1 - -4. Suppose -l - r*l = -252. Calculate the remainder when 167 is divided by l.
41
Let j be 2 + -1 + 3 + -1. Suppose 3*n = -5*l + 23, 2*n = j*l - 8*l + 7. Let p = -59 + 90. Calculate the remainder when p is divided by n.
15
Calculate the remainder when (-2)/(-10) - (-21630)/350 is divided by 24.
14
Let r(w) = 15*w - 58. Calculate the remainder when r(9) is divided by 20.
17
Let w(u) = -u**2 + 8*u + 3. Let n be (-14)/4*480/(-84). Calculate the remainder when w(6) is divided by (1*4)/(n/15)*2.
3
Let t(a) = -a**2 + 14*a + 2. Let k be t(12). Let o be (-4 - -4) + (-2 - -37). Let g = o - k. What is the remainder when 31 is divided by g?
4
Let m(c) = -10*c. Let n be m(-1). Suppose 10*g - 180 + n = 0. Calculate the remainder when 49 is divided by g.
15
Let w = 5 - 9. Let n be 49/w + 6/(-8). Let a = 17 + n. Calculate the remainder when 9 is divided by a.
1
Let y = -21 - -25. Suppose y*z = 5*q - 184, 3*q - 5*z - 77 = q. Calculate the remainder when 177 is divided by q.
33
Let n(f) be the first derivative of -1/2*f**2 - 3*f + 4. Calculate the remainder when 5 is divided by n(-5).
1
Let j be 12/(-10) - 1/(-5). Suppose 2*b = -2*b + 44. What is the remainder when j/(-3) - 177/(-9) is divided by b?
9
Suppose y - 140 = -y - 2*c, -175 = -2*y + 5*c. What is the remainder when (-4 + y)/(5 - 4) is divided by 18?
17
Let s = 23 + 1. Suppose q + 224 = 4*r + 36, 2*r = -3*q + 80. What is the remainder when r is divided by s?
22
Suppose 15 = -5*f, i + f - 29 = -3. What is the remainder when 151 is divided by (-6 - -4 - i)*-1?
27
Let r = -8 - -23. Calculate the remainder when r is divided by (16/10)/((-28)/(-70)).
3
What is the remainder when ((-29264)/(-36))/4 + 2/(-9) is divided by 68?
67
Let u be